881 composite?
True
Is 169261 a prime number?
False
Is 21305 a composite number?
True
Is 76303 composite?
False
Is 191 composite?
False
Is 151271 a prime number?
False
Is 197887 a composite number?
False
Is 1423 a composite number?
False
Is 49847 prime?
False
Is 19259 a composite number?
False
Is 49417 a composite number?
False
Is 3103 composite?
True
Is 5179 composite?
False
Is 39659 composite?
False
Is 5779 a composite number?
False
Is 1727 prime?
False
Is 113585 a composite number?
True
Is 21295 prime?
False
Is 96137 a prime number?
True
Is 128033 a composite number?
False
Is 45947 prime?
False
Is 8147 prime?
True
Is 16087 a composite number?
False
Is 294907 prime?
False
Is 1041 a prime number?
False
Is 25693 a composite number?
False
Is 132917 prime?
False
Is 30133 prime?
True
Is 1349437 a composite number?
True
Is 11053 composite?
True
Is 8513 composite?
False
Is 370121 prime?
True
Is 17309 composite?
True
Is 1774153 prime?
False
Is 943427 prime?
False
Is 326 prime?
False
Is 549937 a composite number?
False
Is 44399 a prime number?
False
Is 549805 a prime number?
False
Is 5471 prime?
True
Is 33805 a prime number?
False
Is 31303 a prime number?
False
Is 429827 a prime number?
True
Is 12623 prime?
False
Is 12433 composite?
False
Is 8741 a composite number?
False
Is 3963 a composite number?
True
Is 97919 a prime number?
True
Is 2762131 a composite number?
True
Is 1586209 prime?
True
Is 415691 a prime number?
True
Is 72337 a composite number?
False
Is 3343 a prime number?
True
Is 66001 composite?
True
Is 11237 a prime number?
False
Is 36903 prime?
False
Is 2357 a prime number?
True
Is 83131 composite?
True
Is 95311 prime?
True
Is 645001 a prime number?
False
Is 40445 composite?
True
Is 59197 composite?
False
Is 184753 prime?
True
Is 238499 composite?
False
Is 100202 prime?
False
Is 7142 composite?
True
Is 261811 prime?
False
Is 433931 a prime number?
True
Is 276119 composite?
True
Is 205945 a prime number?
False
Is 658641 composite?
True
Is 39309 composite?
True
Is 2579 prime?
True
Is 90947 prime?
True
Is 24305 composite?
True
Is 611353 a composite number?
True
Is 1151 prime?
True
Is 29395 a composite number?
True
Is 38823 composite?
True
Is 9047 composite?
True
Is 318299 composite?
False
Is 175823 composite?
True
Is 7451 prime?
True
Is 3679 composite?
True
Is 187687 prime?
True
Is 1593469 prime?
False
Is 375223 a composite number?
False
Is 133 a prime number?
False
Is 1221158 a composite number?
True
Is 19011 prime?
False
Is 44059 a prime number?
True
Is 136163 a prime number?
True
Is 76631 a prime number?
True
Is 447173 a composite number?
False
Is 6997 a prime number?
True
Is 25257 a composite number?
True
Is 82913 a composite number?
False
Is 478589 prime?
True
Is 208189 a prime number?
True
Is 4099 prime?
True
Is 492007 prime?
True
Is 57641 a prime number?
True
Is 22874 prime?
False
Is 1778633 composite?
False
Is 71243 a prime number?
False
Is 21169 composite?
False
Is 7137415 a composite number?
True
Is 25981 a prime number?
True
Is 1163 prime?
True
Is 29981 composite?
True
Is 9874 a prime number?
False
Is 230501 composite?
False
Is 11677 a composite number?
False
Is 1628831 prime?
False
Is 9803 a composite number?
False
Is 4391 a composite number?
False
Is 13289 prime?
False
Is 903827 composite?
False
Is 3491 a composite number?
False
Is 46337 a composite number?
False
Is 470617 a prime number?
False
Is 21719 a prime number?
False
Is 6113 a prime number?
True
Is 150701 prime?
False
Is 3849 composite?
True
Is 61141 a composite number?
False
Is 2632549 composite?
False
Is 352931 a composite number?
False
Is 2951 a prime number?
False
Is 253279 a composite number?
True
Is 20161 composite?
False
Is 479 a prime number?
True
Is 295 a prime number?
False
Is 50734 a composite number?
True
Is 300229 a composite number?
False
Is 877 a composite number?
False
Is 25871 a prime number?
False
Is 7934 prime?
False
Is 35969 prime?
True
Is 6733 a composite number?
False
Is 16249 a composite number?
False
Is 47 a prime number?
True
Is 2073 a composite number?
True
Is 3109 composite?
False
Is 2195147 prime?
True
Is 9029 composite?
False
Is 31469 a prime number?
True
Is 22337 prime?
False
Is 6833 a prime number?
True
Is 103271 a composite number?
True
Is 2234 prime?
False
Is 129313 prime?
True
Is 464479 a prime number?
True
Is 42305 a prime number?
False
Is 228077 composite?
False
Is 10357 composite?
False
Is 124667 composite?
True
Is 1399 prime?
True
Is 11093 a prime number?
True
Is 39409 composite?
False
Is 264053 composite?
False
Is 8747 composite?
False
Is 581369 a prime number?
True
Is 561347 a composite number?
False
Is 3457 prime?
True
Is 224139 prime?
False
Is 870989 composite?
True
Is 64217 a prime number?
True
Is 33571 prime?
False
Is 4835 a composite number?
True
Is 6121 composite?
False
Is 223 a composite number?
False
Is 1709 a composite number?
False
Is 23869 a composite number?
False
Is 18371 a prime number?
True
Is 1372973 composite?
True
Is 31987 composite?
True
Is 13033 prime?
True
Is 132137 a prime number?
True
Is 6641 a prime number?
False
Is 38579 a prime number?
False
Is 114143 composite?
False
Is 485657 prime?
True
Is 37217 a composite number?
False
Is 7737 a composite number?
True
Is 1291 prime?
True
Is 632713 prime?
True
Is 5813 prime?
True
Is 51251 composite?
True
Is 4435 composite?
True
Is 195659 prime?
True
Is 361498 a prime number?
False
Is 17617 a prime number?
False
Is 13939 a composite number?
True
Is 787 composite?
False
Is 73613 prime?
True
Is 90847 composite?
False
Is 18041 a prime number?
True
Is 2153 a composite number?
False
Is 528041 a prime number?
True
Is 5261 prime?
True
Is 5879 a composite number?
False
Is 693159 a composite number?
True
Is 1129027 composite?
True
Is 33209 prime?
False
Is 24155 prime?
False
Is 847955 a composite number?
True
Is 562517 a prime number?
True
Is 22807 composite?
False
Is 24071 prime?
True
Is 63517 a prime number?
False
Is 3493 a prime number?
False
Is 2999 prime?
True
Is 110419 composite?
False
Is 1606837 prime?
True
Is 5347 a composite number?
False
Is 991 prime?
True
Is 8467 composite?
False
Is 156217 a prime number?
True
Is 42877 a prime number?
False
Is 2237 a prime number?
True
Is 459421 a prime number?
True
Is 8081 composite?
False
Is 483051 a composite number?
True
Is 3433 prime?
True
Is 1527931 a prime number?
True
Is 2492885 composite?
True
Is 10973 composite?
False
Is 195785 prime?
False
Is 2819 a composite number?
False
Is 45161 a composite number?
False
Is 3155303 a composite number?
False
Is 979 composite?
True
Is 156307 prime?
True
Is 122809 prime?
False
Is 2705 a prime number?
False
Is 798335 prime?
False
Is 33703 composite?
False
Is 60683 a composite number?
True
Is 127667 a prime number?
False
Is 114989 composite?
True
Is 23041 prime?
True
Is 17873 a composite number?
True
Is 51 a prime number?
False
Is 6261 a composite number?
True
Is 326453 composite?
True
Is 29981 composite?
True
Is 127871 a composite number?
True
Is 626173 a composite number?
False
Is 3149 a prime number?
False
Is 1041 composite?
True
Is 87245 composite?
True
Is 174449 prime?
False
Is 9809 composite?
True
Is 1543 prime?
True
Is 4274 prime?
False
Is 5413 a prime number?
True
Is 47501 composite?
False
Is 10627 composite?
False
Is 72301 a prime number?
False
Is 280837 a prime number?
True
Is 14759 a prime number?
True
Is 13641 composite?
True
Is 20543 prime?
True
Is 196447 composite?
True
Is 5433 composite?
True
Is 50066 prime?
False
Is 452363 prime?
True
Is 53419 a prime number?
True
Is 465659 a prime number?
True
Is 37939 a composite number?
True
Is 13751 composite?
False
Is 1784303 a prime number?
False
Is 72591 a composite number?
True
Is 9451 prime?
False
Is 8661 a prime number?
False
Is 24443 composite?
False
Is 153817 a prime number?
True
Is 23149 a composite number?
True
Is 771329 a composite number?
True
Is 3065 a prime number?
False
Is 8611169 composite?
True
Is 174011 composite?
True
Is 2823 a composite number?
True
Is 997511 composite?
False
Is 225037 prime?
True
Is 53653 a prime number?
True
Is 2047 a composite number?
True
Is 4733 a prime number?
True
Is 221021 composite?
False
Is 478851 prime?
False
Is 825763 a prime number?
True
Is 1914623 a composite number?
False
Is 196111 a c